{"id":35215,"date":"2018-03-15T19:03:12","date_gmt":"2018-03-15T18:03:12","guid":{"rendered":"https:\/\/pascaljolivet.com\/?page_id=35215"},"modified":"2018-11-24T01:06:20","modified_gmt":"2018-11-24T00:06:20","slug":"lannata-2015-di-valentina-buoso","status":"publish","type":"page","link":"https:\/\/pascaljolivet.com\/it\/savoir-faire\/le-millesime-2015-par-valentina-buoso\/","title":{"rendered":"L&#039;annata 2015 di Valentina Buono"},"content":{"rendered":"<h1>\n\t\t2015 VINTAGE DI VALENTINA BUOSO<br \/>\n\t<\/h1>\n<h2>\n\t\tAnnata 2015<br \/>\n\t<\/h2>\n<p><img loading=\"lazy\" decoding=\"async\" src=\"https:\/\/pascaljolivet.com\/wp-content\/uploads\/2018\/03\/portrait-valentina.jpg\" alt=\"\" width=\"125\" height=\"163\" \/>La stagione vitivinicola 2015 \u00e8 stata caratterizzata da un fenomeno di siccit\u00e0 piuttosto significativo con eterogeneit\u00e0 nella fioritura.<\/p>\n<p>Le temperature estive relativamente uniformi e piuttosto elevate durante tutto il ciclo vegetativo hanno consentito una maturazione piuttosto rapida, addirittura precoce, con uve di altissima qualit\u00e0 e sanit\u00e0.<\/p>\n<p>La vendemmia al Domaine \u00e8 iniziata intorno all&#039;11 settembre ed \u00e8 durata 15 giorni. Le condizioni meteorologiche sono state molto favorevoli, con temperature molto basse al mattino (8\u00b0C-9\u00b0C) che hanno contribuito a preservare il potenziale aromatico delle uve.<\/p>\n<p>L&#039;ottima sanit\u00e0 delle uve ha permesso di ridurre le quantit\u00e0 di solfiti aggiunte alla vendemmia, ottenendo mosti molto puri.<\/p>\n<p>Les teneurs en sucres dans la totalit\u00e9 de nos parcelles sont tr\u00e8s satisfaisants, avec un degr\u00e9 potentiel de 12.5%. Les acidit\u00e9s sont relativement plus faibles que les ann\u00e9es pr\u00e9c\u00e9dentes, mais restent discr\u00e8tes. Les \u00e9quilibres\u00a0: sucre-acide, acide malique-acide tartrique et l&rsquo;\u00e9quilibre gustatif sont satisfaisants.<\/p>\n<p>Les vins blancs d\u00e9voilent des ar\u00f4mes tr\u00e8s prometteurs. La richesse aromatique et la complexit\u00e9 naturelle s&rsquo;affirment d\u00e9j\u00e0 (poire, p\u00eache, fruits exotiques) et parfois m\u00eame, d\u00e9j\u00e0 de d\u00e9licates touches min\u00e9rales. En bouche, l&rsquo;\u00e9quilibre gustatif est marqu\u00e9 par la concentration et la puissance. Avec une finale persistante les blancs 2015 ont d\u00e9j\u00e0 marqu\u00e9 le nouveau mill\u00e9sime.<\/p>\n<p>Anche gli aromi e il colore delle uve rosse, custodite in bucce sane e sottili, si sono sviluppati nelle migliori condizioni. I rossi presentano splendidi colori, tendenti al violaceo, e gli aromi di frutta rossa, ancora un po&#039; chiusi, sono molto eleganti. La struttura tannica rimane molto morbida, il che suggerisce un&#039;ottima annata per i rossi.<\/p>\n<p>&#8211; Valentina Buoso<\/p>\n<h2>\n\t\tEquilibrio, freschezza e precisione: lo stile Pascal Jolivet<br \/>\n\t<\/h2>\n<p>Quando terroir, competenza e pazienza rivelano ed esaltano le complessit\u00e0 del Sauvignon Blanc e del Pinot Nero.<br \/>\n\u201cIl talento e il gusto non bastano, conta solo lo stile\u201d P. Cardin<\/p>\n<p>\t\t\t\t<a href=\"\/it\/vini\/atteggiamento\/\" target=\"_self\" itemprop=\"url\"><br \/>\n\t\t\t\t<img loading=\"lazy\" decoding=\"async\" src=\"https:\/\/pascaljolivet.com\/wp-content\/uploads\/2017\/01\/cta-attitude2.jpg\" alt=\"cta-attitude2\" itemprop=\"image\" height=\"219\" width=\"309\" title=\"cta-attitude2\"  \/><br \/>\n\t\t\t\t<\/a><\/p>\n<p>La Valle della Loira \u00e8 una regione ricca di storia e patrimonio. La nostra tenuta \u00e8 circondata dai castelli di Cheverny e Chambord.<\/p>\n<p>\t\t\t\t<a href=\"\/it\/vini\/sancerre-pouilly-fume\/\" target=\"_self\" itemprop=\"url\"><br \/>\n\t\t\t\t<img loading=\"lazy\" decoding=\"async\" src=\"https:\/\/pascaljolivet.com\/wp-content\/uploads\/2017\/01\/cta-gamme2021-sancerre.jpg\" alt=\"cta-sancerre2\" itemprop=\"image\" height=\"219\" width=\"309\" title=\"cta-sancerre2\"  \/><br \/>\n\t\t\t\t<\/a><\/p>\n<p>Due vitigni, tre terroir e una vinificazione esclusivamente naturale. Vi sveliamo l&#039;espressione unica dei nostri vini Sancerre e Pouilly-Fum\u00e9.<\/p>\n<p>\t\t\t\t<a href=\"\/it\/vini\/meticcio\/\" target=\"_self\" itemprop=\"url\"><br \/>\n\t\t\t\t<img loading=\"lazy\" decoding=\"async\" src=\"https:\/\/pascaljolivet.com\/wp-content\/uploads\/2017\/01\/cta-gamme-metis.jpg\" alt=\"cta-metis\" itemprop=\"image\" height=\"219\" width=\"309\" title=\"cta-metis\"  \/><br \/>\n\t\t\t\t<\/a><\/p>\n<p>La nostra partnership con questa leggendaria tenuta di Citt\u00e0 del Capo in Sudafrica mette in risalto lo stile del Sauvignon Blanc di Pascal Jolivet.<\/p>","protected":false},"excerpt":{"rendered":"<p>MILLESIME 2015 PAR VALENTINA BUOSO Mill\u00e9sime 2015 La campagne viticole 2015 a \u00e9t\u00e9 caract\u00e9ris\u00e9e par un ph\u00e9nom\u00e8ne de s\u00e9cheresse assez important avec une h\u00e9t\u00e9rog\u00e9n\u00e9it\u00e9\u00a0 de floraison. Les temp\u00e9ratures estivales relativement homog\u00e8nes et assez \u00e9lev\u00e9es tout le long du cycle v\u00e9g\u00e9tatif, ont permis une maturation assez rapide, voir pr\u00e9coce avec un \u00e9tat sanitaire des raisins tr\u00e8s&hellip;<\/p>","protected":false},"author":2,"featured_media":0,"parent":3302,"menu_order":1,"comment_status":"closed","ping_status":"closed","template":"","meta":{"_acf_changed":false,"_seopress_robots_primary_cat":"","_seopress_titles_title":"","_seopress_titles_desc":"","_seopress_robots_index":"","inline_featured_image":false,"footnotes":""},"class_list":["post-35215","page","type-page","status-publish","hentry"],"acf":[],"_links":{"self":[{"href":"https:\/\/pascaljolivet.com\/it\/wp-json\/wp\/v2\/pages\/35215","targetHints":{"allow":["GET"]}}],"collection":[{"href":"https:\/\/pascaljolivet.com\/it\/wp-json\/wp\/v2\/pages"}],"about":[{"href":"https:\/\/pascaljolivet.com\/it\/wp-json\/wp\/v2\/types\/page"}],"author":[{"embeddable":true,"href":"https:\/\/pascaljolivet.com\/it\/wp-json\/wp\/v2\/users\/2"}],"replies":[{"embeddable":true,"href":"https:\/\/pascaljolivet.com\/it\/wp-json\/wp\/v2\/comments?post=35215"}],"version-history":[{"count":0,"href":"https:\/\/pascaljolivet.com\/it\/wp-json\/wp\/v2\/pages\/35215\/revisions"}],"up":[{"embeddable":true,"href":"https:\/\/pascaljolivet.com\/it\/wp-json\/wp\/v2\/pages\/3302"}],"wp:attachment":[{"href":"https:\/\/pascaljolivet.com\/it\/wp-json\/wp\/v2\/media?parent=35215"}],"curies":[{"name":"parola chiave","href":"https:\/\/api.w.org\/{rel}","templated":true}]}}

<h1>
		2015 VINTAGE DI VALENTINA BUOSO<br />
	</h1>
<h2>
		Annata 2015<br />
	</h2>
<p><img loading="lazy" decoding="async" src="https://pascaljolivet.com/wp-content/uploads/2018/03/portrait-valentina.jpg" alt="" width="125" height="163" />La stagione vitivinicola 2015 è stata caratterizzata da un fenomeno di siccità piuttosto significativo con eterogeneità nella fioritura.</p>
<p>Le temperature estive relativamente uniformi e piuttosto elevate durante tutto il ciclo vegetativo hanno consentito una maturazione piuttosto rapida, addirittura precoce, con uve di altissima qualità e sanità.</p>
<p>La vendemmia al Domaine è iniziata intorno all&#039;11 settembre ed è durata 15 giorni. Le condizioni meteorologiche sono state molto favorevoli, con temperature molto basse al mattino (8°C-9°C) che hanno contribuito a preservare il potenziale aromatico delle uve.</p>
<p>L&#039;ottima sanità delle uve ha permesso di ridurre le quantità di solfiti aggiunte alla vendemmia, ottenendo mosti molto puri.</p>
<p>Les teneurs en sucres dans la totalité de nos parcelles sont très satisfaisants, avec un degré potentiel de 12.5%. Les acidités sont relativement plus faibles que les années précédentes, mais restent discrètes. Les équilibres : sucre-acide, acide malique-acide tartrique et l&rsquo;équilibre gustatif sont satisfaisants.</p>
<p>Les vins blancs dévoilent des arômes très prometteurs. La richesse aromatique et la complexité naturelle s&rsquo;affirment déjà (poire, pêche, fruits exotiques) et parfois même, déjà de délicates touches minérales. En bouche, l&rsquo;équilibre gustatif est marqué par la concentration et la puissance. Avec une finale persistante les blancs 2015 ont déjà marqué le nouveau millésime.</p>
<p>Anche gli aromi e il colore delle uve rosse, custodite in bucce sane e sottili, si sono sviluppati nelle migliori condizioni. I rossi presentano splendidi colori, tendenti al violaceo, e gli aromi di frutta rossa, ancora un po&#039; chiusi, sono molto eleganti. La struttura tannica rimane molto morbida, il che suggerisce un&#039;ottima annata per i rossi.</p>
<p>&#8211; Valentina Buoso</p>
<h2>
		Equilibrio, freschezza e precisione: lo stile Pascal Jolivet<br />
	</h2>
<p>Quando terroir, competenza e pazienza rivelano ed esaltano le complessità del Sauvignon Blanc e del Pinot Nero.<br />
“Il talento e il gusto non bastano, conta solo lo stile” P. Cardin</p>
<p>				<a href="/it/vini/atteggiamento/" target="_self" itemprop="url"><br />
				<img loading="lazy" decoding="async" src="https://pascaljolivet.com/wp-content/uploads/2017/01/cta-attitude2.jpg" alt="cta-attitude2" itemprop="image" height="219" width="309" title="cta-attitude2"  /><br />
				</a></p>
<p>La Valle della Loira è una regione ricca di storia e patrimonio. La nostra tenuta è circondata dai castelli di Cheverny e Chambord.</p>
<p>				<a href="/it/vini/sancerre-pouilly-fume/" target="_self" itemprop="url"><br />
				<img loading="lazy" decoding="async" src="https://pascaljolivet.com/wp-content/uploads/2017/01/cta-gamme2021-sancerre.jpg" alt="cta-sancerre2" itemprop="image" height="219" width="309" title="cta-sancerre2"  /><br />
				</a></p>
<p>Due vitigni, tre terroir e una vinificazione esclusivamente naturale. Vi sveliamo l&#039;espressione unica dei nostri vini Sancerre e Pouilly-Fumé.</p>
<p>				<a href="/it/vini/meticcio/" target="_self" itemprop="url"><br />
				<img loading="lazy" decoding="async" src="https://pascaljolivet.com/wp-content/uploads/2017/01/cta-gamme-metis.jpg" alt="cta-metis" itemprop="image" height="219" width="309" title="cta-metis"  /><br />
				</a></p>
<p>La nostra partnership con questa leggendaria tenuta di Città del Capo in Sudafrica mette in risalto lo stile del Sauvignon Blanc di Pascal Jolivet.</p>

<p>MILLESIME 2015 PAR VALENTINA BUOSO Millésime 2015 La campagne viticole 2015 a été caractérisée par un phénomène de sécheresse assez important avec une hétérogénéité  de floraison. Les températures estivales relativement homogènes et assez élevées tout le long du cycle végétatif, ont permis une maturation assez rapide, voir précoce avec un état sanitaire des raisins très&hellip;</p>
