{"id":3549,"date":"2017-02-20T16:09:18","date_gmt":"2017-02-20T15:09:18","guid":{"rendered":"http:\/\/dev.bikloz.net\/?page_id=3549"},"modified":"2024-05-14T15:44:43","modified_gmt":"2024-05-14T14:44:43","slug":"medien","status":"publish","type":"page","link":"https:\/\/pascaljolivet.com\/de\/medias\/","title":{"rendered":"Medien"},"content":{"rendered":"<h1>\n\t\tMEDIEN\n\t<\/h1>\n\t\t\t<a href=\"https:\/\/pascaljolivet.com\/de\/herunterladen\/36291\/\" target=\"_blank\" rel=\"noopener\">\n\t\t\t\t\t\t\tPressespiegel 2020 ansehen\n\t\t\t\t\t<\/a>\n\t\t\t<a href=\"https:\/\/pascaljolivet.com\/wp-content\/uploads\/2019\/11\/brochurepjolivet-fr-web.pdf\" target=\"_blank\" rel=\"noopener\">\n\t\t\t\t\t\t\tPr\u00e4sentation des Hauses\n\t\t\t<\/a>\n<h5>\n\t\t<a href=\"#\" title=\"Pressespiegel-Archiv\" target=\"_self\" rel=\"noopener\">\n\t\tPressespiegel-Archiv\n\t\t<\/a>\n\t<\/h5>\n\t\t<h4>\n\t\t\tFensterbox\n\t\t\t\t\t<\/h4>\n\t\t<h5>modal-<\/h5>\n\t\tKlicken Sie hier, um die Modalbox-Einstellungen zu bearbeiten. Dieser Text dient nur zu Bearbeitungszwecken und wird nach Ver\u00f6ffentlichung der \u00c4nderungen nicht mehr angezeigt. Modalbox-Vorschau\n\t\t\t\t\t\t\t\t\t\t\t<h4 id=\"modal-title-\">Pressespiegel-Archiv<\/h4>\t\t\t\t\t\t\t\t\t\t\t\t\t\t\t\t\n\t\t\t\t\t\t<p><a href=\"https:\/\/pascaljolivet.com\/de\/herunterladen\/36206\/\" target=\"_blank\" rel=\"noopener\">Pressespiegel 2019<\/a><\/p>\n<p><a href=\"https:\/\/pascaljolivet.com\/wp-content\/uploads\/2018\/11\/pascaljolivet-pressreview2018.pdf\" target=\"_blank\" rel=\"noopener\">Pressespiegel 2018<\/a><\/p>\n<p><a href=\"https:\/\/pascaljolivet.com\/wp-content\/uploads\/2018\/11\/pascaljolivet-pressreview2017.pdf\" target=\"_blank\" rel=\"noopener\">Pressespiegel 2017<\/a><\/p>\n<h2>\n\t\tAusgew\u00e4hlte Artikel\n\t<\/h2>\n\t\t\t<a href=\"https:\/\/pascaljolivet.com\/de\/nachricht\/\" target=\"_self\" rel=\"noopener\">\n\t\t\t\t\t\tLire plus d&rsquo;articles\n\t\t\t\t\t<\/a>\n<h2>\n\t\tFolgen Sie uns auf Social Media\n\t<\/h2>","protected":false},"excerpt":{"rendered":"<p>M\u00c9DIAS Consulter la revue de presse 2020 Pr\u00e9sentation de la maison Archives des revues de presse Bo\u00eete Fen\u00eatr\u00e9 modal- Cliquez ici pour modifier les param\u00e8tres \u00ab\u00a0modal-box\u00a0\u00bb. Ce texte est uniquement destin\u00e9 \u00e0 l&rsquo;\u00e9dition et n&rsquo;appara\u00eetra pas apr\u00e8s la publication des modifications. Preview modal- Archives des revues de presse Revue de presse 2019 Revue de presse&hellip;<\/p>","protected":false},"author":2,"featured_media":0,"parent":0,"menu_order":0,"comment_status":"closed","ping_status":"closed","template":"","meta":{"_acf_changed":false,"_seopress_robots_primary_cat":"","_seopress_titles_title":"","_seopress_titles_desc":"","_seopress_robots_index":"","inline_featured_image":false,"footnotes":""},"class_list":["post-3549","page","type-page","status-publish","hentry"],"acf":[],"_links":{"self":[{"href":"https:\/\/pascaljolivet.com\/de\/wp-json\/wp\/v2\/pages\/3549","targetHints":{"allow":["GET"]}}],"collection":[{"href":"https:\/\/pascaljolivet.com\/de\/wp-json\/wp\/v2\/pages"}],"about":[{"href":"https:\/\/pascaljolivet.com\/de\/wp-json\/wp\/v2\/types\/page"}],"author":[{"embeddable":true,"href":"https:\/\/pascaljolivet.com\/de\/wp-json\/wp\/v2\/users\/2"}],"replies":[{"embeddable":true,"href":"https:\/\/pascaljolivet.com\/de\/wp-json\/wp\/v2\/comments?post=3549"}],"version-history":[{"count":3,"href":"https:\/\/pascaljolivet.com\/de\/wp-json\/wp\/v2\/pages\/3549\/revisions"}],"predecessor-version":[{"id":77974,"href":"https:\/\/pascaljolivet.com\/de\/wp-json\/wp\/v2\/pages\/3549\/revisions\/77974"}],"wp:attachment":[{"href":"https:\/\/pascaljolivet.com\/de\/wp-json\/wp\/v2\/media?parent=3549"}],"curies":[{"name":"wp","href":"https:\/\/api.w.org\/{rel}","templated":true}]}}

<h1>
		MEDIEN
	</h1>
			<a href="https://pascaljolivet.com/de/herunterladen/36291/" target="_blank" rel="noopener">
							Pressespiegel 2020 ansehen
					</a>
			<a href="https://pascaljolivet.com/wp-content/uploads/2019/11/brochurepjolivet-fr-web.pdf" target="_blank" rel="noopener">
							Präsentation des Hauses
			</a>
<h5>
		<a href="#" title="Pressespiegel-Archiv" target="_self" rel="noopener">
		Pressespiegel-Archiv
		</a>
	</h5>
		<h4>
			Fensterbox
					</h4>
		<h5>modal-</h5>
		Klicken Sie hier, um die Modalbox-Einstellungen zu bearbeiten. Dieser Text dient nur zu Bearbeitungszwecken und wird nach Veröffentlichung der Änderungen nicht mehr angezeigt. Modalbox-Vorschau
											<h4 id="modal-title-">Pressespiegel-Archiv</h4>																
						<p><a href="https://pascaljolivet.com/de/herunterladen/36206/" target="_blank" rel="noopener">Pressespiegel 2019</a></p>
<p><a href="https://pascaljolivet.com/wp-content/uploads/2018/11/pascaljolivet-pressreview2018.pdf" target="_blank" rel="noopener">Pressespiegel 2018</a></p>
<p><a href="https://pascaljolivet.com/wp-content/uploads/2018/11/pascaljolivet-pressreview2017.pdf" target="_blank" rel="noopener">Pressespiegel 2017</a></p>
<h2>
		Ausgewählte Artikel
	</h2>
			<a href="https://pascaljolivet.com/de/nachricht/" target="_self" rel="noopener">
						Lire plus d&rsquo;articles
					</a>
<h2>
		Folgen Sie uns auf Social Media
	</h2>

<p>MÉDIAS Consulter la revue de presse 2020 Présentation de la maison Archives des revues de presse Boîte Fenêtré modal- Cliquez ici pour modifier les paramètres « modal-box ». Ce texte est uniquement destiné à l&rsquo;édition et n&rsquo;apparaîtra pas après la publication des modifications. Preview modal- Archives des revues de presse Revue de presse 2019 Revue de presse&hellip;</p>
