{"id":35209,"date":"2018-03-15T18:57:37","date_gmt":"2018-03-15T17:57:37","guid":{"rendered":"https:\/\/pascaljolivet.com\/?page_id=35209"},"modified":"2018-11-24T01:05:40","modified_gmt":"2018-11-24T00:05:40","slug":"der-jahrgang-2016-von-valentina-buoso","status":"publish","type":"page","link":"https:\/\/pascaljolivet.com\/de\/savoir-faire\/le-millesime-2016-par-valentina-buoso\/","title":{"rendered":"Der Jahrgang 2016 von Valentina Buoso"},"content":{"rendered":"<h1>\n\t\t2016 VINTAGE VON VALENTINA BUOSO<br \/>\n\t<\/h1>\n<h2>\n\t\tJahrgang 2016<br \/>\n\t<\/h2>\n<p><img loading=\"lazy\" decoding=\"async\" src=\"https:\/\/pascaljolivet.com\/wp-content\/uploads\/2018\/03\/portrait-valentina.jpg\" alt=\"\" width=\"125\" height=\"163\" \/>La campagne viticole 2016 a \u00e9t\u00e9 tr\u00e8s compliqu\u00e9e mais surprenante, on pourrait la d\u00e9finir comme l&rsquo;ann\u00e9e des extr\u00eames.<\/p>\n<p>In der Nacht vom 26. auf den 27. April wurden die Weinberge der Region Centre-Loire von starkem Frost heimgesucht.<\/p>\n<p>L&rsquo;effet combin\u00e9 du froid et de l&rsquo;humidit\u00e9 a \u00e9t\u00e9 fatal. Le lever du soleil a \u00e9galement eu un impact sur l\u2019endommagement des bourgeons.<\/p>\n<p>Der Fr\u00fchling war durch sehr starke Niederschl\u00e4ge gekennzeichnet.<\/p>\n<p>Cette abondante quantit\u00e9 d&rsquo;eau a eu un impact n\u00e9faste d&rsquo;abord sur la floraison, qui a \u00e9t\u00e9 assez h\u00e9t\u00e9rog\u00e8ne et deuxi\u00e8mement sur la pression cryptogamique, tr\u00e8s \u00e9lev\u00e9e \u00e0 cause de l&rsquo;installation du mildiou.<\/p>\n<p>Les ann\u00e9es humides comme celle-ci sont aussi favorables aux carences nutritionnelles comme par exemple le magn\u00e9sium ou le clore. En cons\u00e9quence la plante a eu une pouss\u00e9e lente \u00e0 cause des probl\u00e8mes d&rsquo;assimilation des min\u00e9raux.<\/p>\n<p>Malgr\u00e9 toutes ces contraintes climatiques, la plante a su se d\u00e9fendre en poussant assez r\u00e9guli\u00e8rement. A partir du mois de Juillet les conditions ont compl\u00e8tement chang\u00e9 ce qui a am\u00e9lior\u00e9 l&rsquo;\u00e9quilibre v\u00e9g\u00e9tatif.<\/p>\n<p>Les temp\u00e9ratures estivales ont \u00e9t\u00e9 \u00e9lev\u00e9es, parfois tr\u00e8s \u00e9lev\u00e9es en provoquant un ph\u00e9nom\u00e8ne de s\u00e9cheresse qui a conduit la plante \u00e0 un s\u00e9v\u00e8re stress hydrique, parfois jusqu&rsquo;au blocage de maturation.<\/p>\n<p>Cependant elles ont \u00e9t\u00e9 favorables \u00e0 l&rsquo;accumulation des sucres et au d\u00e9veloppement des ar\u00f4mes primaires, fondamental pour le Sauvignon Blanc.<\/p>\n<p><img loading=\"lazy\" decoding=\"async\" src=\"https:\/\/pascaljolivet.com\/wp-content\/uploads\/2018\/03\/valentina-2016-300x452.jpg\" alt=\"\" width=\"184\" height=\"278\" \/><\/p>\n<p>Die Weinlese auf dem Weingut begann Anfang Oktober und endete um den 15. Oktober.<\/p>\n<p>Les conditions climatiques ont \u00e9t\u00e9 tr\u00e8s favorables avec des journ\u00e9es tr\u00e8s fraiches et ensoleill\u00e9es, essentielles pour pr\u00e9server la qualit\u00e9 des raisins. L&rsquo;\u00e9tat sanitaire a \u00e9t\u00e9 dans l&rsquo;ensemble tr\u00e8s satisfaisant avec un degr\u00e9 potentiel de 12.5% et des acidit\u00e9s plus \u00e9lev\u00e9es que 2015 (pH 3.15 et AT 6.5g\/L).<\/p>\n<p>Le Sauvignon Blanc pr\u00e9sente des ar\u00f4mes assez vari\u00e9taux avec des notes de buis, cassis, agrumes, fleurs et fruits blancs citronn\u00e9s. En bouche l&rsquo;\u00e9quilibre acide est important, ce qui promet un bon potentiel de garde. La finale est d\u00e9j\u00e0 assez persistante, signe aussi d\u2019un beau mill\u00e9sime.<\/p>\n<p>Le Pinot Noir a bien su profiter des fortes chaleurs en produisant pendant la maturation de nombreux pr\u00e9curseurs aromatiques et une bonne quantit\u00e9 d&rsquo;anthocyanes. Les vins pr\u00e9sentent une jolie robe pourpre, des ar\u00f4mes de fruits rouges m\u00fbrs et de violettes. En bouche, on retrouve une complexit\u00e9 et une puissance rare.<\/p>\n<p>&#8211; Valentina Buoso<\/p>\n<h2>\n\t\tAusgewogenheit, Frische und Pr\u00e4zision: der Stil von Pascal Jolivet<br \/>\n\t<\/h2>\n<p>Wenn Terroir, Know-how und Geduld die Komplexit\u00e4t von Sauvignon Blanc und Pinot Noir freilegen und hervorheben.<br \/>\n\u201eTalent und Geschmack reichen nicht aus, nur Stil z\u00e4hlt\u201c P. Cardin<\/p>\n<p>\t\t\t\t<a href=\"\/de\/weine\/attitude\/\" target=\"_self\" itemprop=\"url\"><br \/>\n\t\t\t\t<img loading=\"lazy\" decoding=\"async\" src=\"https:\/\/pascaljolivet.com\/wp-content\/uploads\/2017\/01\/cta-attitude2.jpg\" alt=\"cta-attitude2\" itemprop=\"image\" height=\"219\" width=\"309\" title=\"cta-attitude2\"  \/><br \/>\n\t\t\t\t<\/a><\/p>\n<p>Das Loiretal ist eine Region reich an Geschichte und Kulturerbe. Unser Anwesen ist von den Schl\u00f6ssern Cheverny und Chambord umgeben.<\/p>\n<p>\t\t\t\t<a href=\"\/de\/weine\/sancerre-pouilly-fume\/\" target=\"_self\" itemprop=\"url\"><br \/>\n\t\t\t\t<img loading=\"lazy\" decoding=\"async\" src=\"https:\/\/pascaljolivet.com\/wp-content\/uploads\/2017\/01\/cta-gamme2021-sancerre.jpg\" alt=\"cta-sancerre2\" itemprop=\"image\" height=\"219\" width=\"309\" title=\"cta-sancerre2\"  \/><br \/>\n\t\t\t\t<\/a><\/p>\n<p>Zwei Rebsorten, drei Terroirs und ausschlie\u00dflich nat\u00fcrliche Weinbereitung. Wir offenbaren den einzigartigen Ausdruck unserer Sancerre- und Pouilly-Fum\u00e9-Weine.<\/p>\n<p>\t\t\t\t<a href=\"\/de\/weine\/metis\/\" target=\"_self\" itemprop=\"url\"><br \/>\n\t\t\t\t<img loading=\"lazy\" decoding=\"async\" src=\"https:\/\/pascaljolivet.com\/wp-content\/uploads\/2017\/01\/cta-gamme-metis.jpg\" alt=\"cta-metis\" itemprop=\"image\" height=\"219\" width=\"309\" title=\"cta-metis\"  \/><br \/>\n\t\t\t\t<\/a><\/p>\n<p>Unsere Partnerschaft mit diesem legend\u00e4ren Weingut in Kapstadt, S\u00fcdafrika, pr\u00e4sentiert den Stil des Sauvignon Blanc von Pascal Jolivet.<\/p>","protected":false},"excerpt":{"rendered":"<p>MILLESIME 2016 PAR VALENTINA BUOSO Mill\u00e9sime 2016 La campagne viticole 2016 a \u00e9t\u00e9 tr\u00e8s compliqu\u00e9e mais surprenante, on pourrait la d\u00e9finir comme l&rsquo;ann\u00e9e des extr\u00eames. Dans la nuit du 26 au 27 Avril, un gros \u00e9pisode de gel a touch\u00e9 les vignobles du Centre-Loire. L&rsquo;effet combin\u00e9 du froid et de l&rsquo;humidit\u00e9 a \u00e9t\u00e9 fatal. Le&hellip;<\/p>","protected":false},"author":2,"featured_media":0,"parent":3302,"menu_order":1,"comment_status":"closed","ping_status":"closed","template":"","meta":{"_acf_changed":false,"_seopress_robots_primary_cat":"","_seopress_titles_title":"","_seopress_titles_desc":"","_seopress_robots_index":"","inline_featured_image":false,"footnotes":""},"class_list":["post-35209","page","type-page","status-publish","hentry"],"acf":[],"_links":{"self":[{"href":"https:\/\/pascaljolivet.com\/de\/wp-json\/wp\/v2\/pages\/35209","targetHints":{"allow":["GET"]}}],"collection":[{"href":"https:\/\/pascaljolivet.com\/de\/wp-json\/wp\/v2\/pages"}],"about":[{"href":"https:\/\/pascaljolivet.com\/de\/wp-json\/wp\/v2\/types\/page"}],"author":[{"embeddable":true,"href":"https:\/\/pascaljolivet.com\/de\/wp-json\/wp\/v2\/users\/2"}],"replies":[{"embeddable":true,"href":"https:\/\/pascaljolivet.com\/de\/wp-json\/wp\/v2\/comments?post=35209"}],"version-history":[{"count":0,"href":"https:\/\/pascaljolivet.com\/de\/wp-json\/wp\/v2\/pages\/35209\/revisions"}],"up":[{"embeddable":true,"href":"https:\/\/pascaljolivet.com\/de\/wp-json\/wp\/v2\/pages\/3302"}],"wp:attachment":[{"href":"https:\/\/pascaljolivet.com\/de\/wp-json\/wp\/v2\/media?parent=35209"}],"curies":[{"name":"wp","href":"https:\/\/api.w.org\/{rel}","templated":true}]}}

<h1>
		2016 VINTAGE VON VALENTINA BUOSO<br />
	</h1>
<h2>
		Jahrgang 2016<br />
	</h2>
<p><img loading="lazy" decoding="async" src="https://pascaljolivet.com/wp-content/uploads/2018/03/portrait-valentina.jpg" alt="" width="125" height="163" />La campagne viticole 2016 a été très compliquée mais surprenante, on pourrait la définir comme l&rsquo;année des extrêmes.</p>
<p>In der Nacht vom 26. auf den 27. April wurden die Weinberge der Region Centre-Loire von starkem Frost heimgesucht.</p>
<p>L&rsquo;effet combiné du froid et de l&rsquo;humidité a été fatal. Le lever du soleil a également eu un impact sur l’endommagement des bourgeons.</p>
<p>Der Frühling war durch sehr starke Niederschläge gekennzeichnet.</p>
<p>Cette abondante quantité d&rsquo;eau a eu un impact néfaste d&rsquo;abord sur la floraison, qui a été assez hétérogène et deuxièmement sur la pression cryptogamique, très élevée à cause de l&rsquo;installation du mildiou.</p>
<p>Les années humides comme celle-ci sont aussi favorables aux carences nutritionnelles comme par exemple le magnésium ou le clore. En conséquence la plante a eu une poussée lente à cause des problèmes d&rsquo;assimilation des minéraux.</p>
<p>Malgré toutes ces contraintes climatiques, la plante a su se défendre en poussant assez régulièrement. A partir du mois de Juillet les conditions ont complètement changé ce qui a amélioré l&rsquo;équilibre végétatif.</p>
<p>Les températures estivales ont été élevées, parfois très élevées en provoquant un phénomène de sécheresse qui a conduit la plante à un sévère stress hydrique, parfois jusqu&rsquo;au blocage de maturation.</p>
<p>Cependant elles ont été favorables à l&rsquo;accumulation des sucres et au développement des arômes primaires, fondamental pour le Sauvignon Blanc.</p>
<p><img loading="lazy" decoding="async" src="https://pascaljolivet.com/wp-content/uploads/2018/03/valentina-2016-300x452.jpg" alt="" width="184" height="278" /></p>
<p>Die Weinlese auf dem Weingut begann Anfang Oktober und endete um den 15. Oktober.</p>
<p>Les conditions climatiques ont été très favorables avec des journées très fraiches et ensoleillées, essentielles pour préserver la qualité des raisins. L&rsquo;état sanitaire a été dans l&rsquo;ensemble très satisfaisant avec un degré potentiel de 12.5% et des acidités plus élevées que 2015 (pH 3.15 et AT 6.5g/L).</p>
<p>Le Sauvignon Blanc présente des arômes assez variétaux avec des notes de buis, cassis, agrumes, fleurs et fruits blancs citronnés. En bouche l&rsquo;équilibre acide est important, ce qui promet un bon potentiel de garde. La finale est déjà assez persistante, signe aussi d’un beau millésime.</p>
<p>Le Pinot Noir a bien su profiter des fortes chaleurs en produisant pendant la maturation de nombreux précurseurs aromatiques et une bonne quantité d&rsquo;anthocyanes. Les vins présentent une jolie robe pourpre, des arômes de fruits rouges mûrs et de violettes. En bouche, on retrouve une complexité et une puissance rare.</p>
<p>&#8211; Valentina Buoso</p>
<h2>
		Ausgewogenheit, Frische und Präzision: der Stil von Pascal Jolivet<br />
	</h2>
<p>Wenn Terroir, Know-how und Geduld die Komplexität von Sauvignon Blanc und Pinot Noir freilegen und hervorheben.<br />
„Talent und Geschmack reichen nicht aus, nur Stil zählt“ P. Cardin</p>
<p>				<a href="/de/weine/attitude/" target="_self" itemprop="url"><br />
				<img loading="lazy" decoding="async" src="https://pascaljolivet.com/wp-content/uploads/2017/01/cta-attitude2.jpg" alt="cta-attitude2" itemprop="image" height="219" width="309" title="cta-attitude2"  /><br />
				</a></p>
<p>Das Loiretal ist eine Region reich an Geschichte und Kulturerbe. Unser Anwesen ist von den Schlössern Cheverny und Chambord umgeben.</p>
<p>				<a href="/de/weine/sancerre-pouilly-fume/" target="_self" itemprop="url"><br />
				<img loading="lazy" decoding="async" src="https://pascaljolivet.com/wp-content/uploads/2017/01/cta-gamme2021-sancerre.jpg" alt="cta-sancerre2" itemprop="image" height="219" width="309" title="cta-sancerre2"  /><br />
				</a></p>
<p>Zwei Rebsorten, drei Terroirs und ausschließlich natürliche Weinbereitung. Wir offenbaren den einzigartigen Ausdruck unserer Sancerre- und Pouilly-Fumé-Weine.</p>
<p>				<a href="/de/weine/metis/" target="_self" itemprop="url"><br />
				<img loading="lazy" decoding="async" src="https://pascaljolivet.com/wp-content/uploads/2017/01/cta-gamme-metis.jpg" alt="cta-metis" itemprop="image" height="219" width="309" title="cta-metis"  /><br />
				</a></p>
<p>Unsere Partnerschaft mit diesem legendären Weingut in Kapstadt, Südafrika, präsentiert den Stil des Sauvignon Blanc von Pascal Jolivet.</p>

<p>MILLESIME 2016 PAR VALENTINA BUOSO Millésime 2016 La campagne viticole 2016 a été très compliquée mais surprenante, on pourrait la définir comme l&rsquo;année des extrêmes. Dans la nuit du 26 au 27 Avril, un gros épisode de gel a touché les vignobles du Centre-Loire. L&rsquo;effet combiné du froid et de l&rsquo;humidité a été fatal. Le&hellip;</p>
